735.
83
Let d(u) = 11*u**2 + 9*u - 13. Let i be d(4). Let y = i - 193. Calculate the highest common factor of y and 2.
2
Let g be (24/(-90)*-5)/((-32)/(-39984)). Calculate the highest common factor of 294 and g.
98
Let u be ((-3564)/(-18))/2 - -21. What is the greatest common factor of 6912 and u?
24
Let r be 340/55 - 5 - 1 - 10528/(-176). Calculate the greatest common divisor of 6920 and r.
20
Let p(m) = m**3 + 14*m**2 + 24*m + 6. Let r be (-1 - 2/4)*(7 + 1). Let i be p(r). Let d = -3 + 5. What is the greatest common divisor of i and d?
2
Let r = 678 + -649. Suppose -5*o = r*o - 4386. What is the highest common divisor of 3 and o?
3
Let t = 11433 + -5466. Calculate the highest common divisor of t and 39.
39
Let d(r) = -92*r + 1148. Let q be d(-46). Calculate the greatest common factor of q and 40.
20
Let o = -12752 - -12778. What is the greatest common divisor of 9529 and o?
13
Let s = 7679 - 7441. Calculate the greatest common factor of s and 98.
14
Suppose -3*g - 82*u + 83*u = -9794, 2*g - 3*u - 6534 = 0. What is the highest common divisor of 36 and g?
12
Let p be (-10)/3 + 4 + 7 + 90/27. What is the highest common factor of 1837 and p?
11
Suppose 6*d - 35*d - 58 = 0. Let i be ((-17)/d)/(1/6). What is the highest common factor of 255 and i?
51
Suppose 0 = 3*s - 4*y - 14, y - 7 + 4 = 4*s. Let h be (-9 + 5)*25/s. What is the greatest common divisor of 40 and h?
10
Suppose 112*s - 324 = 124. What is the greatest common divisor of 379 and s?
1
Let f = 204 + -152. Let s = 14 + f. What is the highest common factor of s and 44?
22
Let t(i) = -6*i + 257. Let m be t(-28). Calculate the highest common divisor of m and 775.
25
Let w(a) = a + 7. Let v be w(-3). Let x be 27/v + 3/(-4). Let r(d) = 7*d - 26. Let k be r(x). Calculate the greatest common factor of k and 24.
8
Let n be 22 - (2/3)/((-2)/3). Let u = n - 19. Suppose 0 = -0*l + u*l - 52. Calculate the greatest common factor of 247 and l.
13
Let h(r) = 37*r - 356. Let b be h(18). What is the highest common divisor of b and 70?
10
Suppose 1380 = k + t, 0 = 12*k - 11*k - 2*t - 1371. What is the greatest common divisor of k and 34?
17
Suppose -2*z + 3*o = -209, -2*z - 2*z = 2*o - 458. Suppose -94*k + 3527 = -421. Calculate the highest common divisor of k and z.
14
Let y = -253 + 230. Let r = y + 95. What is the highest common factor of 3 and r?
3
Let u(v) = 3*v**3 - 27*v**2 - 45*v - 2. Let g be u(14). Calculate the highest common factor of g and 8.
4
Suppose -5*p + 129 = 124*s - 120*s, 0 = 3*s + 5*p - 103. Let l be (-4)/(-14) - 89/(-7). What is the greatest common divisor of l and s?
13
Let w = 293 - 268. Suppose -4*h = -313 + w. Calculate the greatest common factor of 18 and h.
18
Let q = 1693 - 1539. Suppose 0 = -6*y + 3*y + 210. What is the highest common factor of y and q?
14
Let s(p) = 269*p + 289. Let u be s(-1). Calculate the highest common divisor of 2950 and u.
10
Suppose q = -5*f - 3*q + 2248, -2*q = 6. Let x = 489 - f. What is the greatest common factor of 333 and x?
37
Let x(p) = -64*p**3 + 17*p**2 + 2*p - 19*p**2 + 0 + 3. Let c be x(-1). What is the greatest common divisor of 27 and c?
9
Let w(x) = -6*x**3 + x**2 - 3*x - 4. Let y be w(-1). Suppose 3*l = l - 18. Let c = 6 - l. Calculate the greatest common factor of y and c.
3
Suppose -16 + 261 = 7*q. Let c be (-1)/(-7) + ((-25)/q)/5. Suppose -10*v + 112 + 188 = c. Calculate the highest common divisor of v and 240.
30
Suppose 0 = 488*c - 692 + 204. Let l be (14/(-6))/(2/(-6)). Calculate the highest common divisor of c and l.
1
Suppose 105 = 5*i + 5*g, 2*g - 420 = -412. Calculate the greatest common divisor of 1105 and i.
17
Let i(a) = 2*a**2 - 211*a - 1527. Let h be i(-7). What is the greatest common factor of 6928 and h?
16
Let l = 643 - 629. Let a be ((-6)/5)/(0 + (-3)/105). Calculate the highest common divisor of l and a.
14
Let x(l) = 13*l**2 + 5*l + 8. Let y be x(-4). What is the greatest common factor of 16 and y?
4
Suppose -2*l + 567 = 16*l + 9*l. What is the greatest common divisor of l and 679?
7
Suppose 4*t + d = 13560, 4*d - 1866 - 4886 = -2*t. Calculate the highest common factor of 24 and t.
8
Let h = 571 + -340. Let c be ((-10)/(-4))/(1430/56628). What is the greatest common factor of c and h?
33
Let j be (20/8)/(15/12). Suppose -5*y = -2*a - 174, -a - 35 = -j*y + 35. What is the greatest common factor of 51 and y?
17
Suppose 25*h + 5*h - 150 = 0. Let j(l) = 4*l - 1. Let n(i) = -3*i. Let x(u) = -4*j(u) - 5*n(u). Let v be x(3). Calculate the highest common divisor of v and h.
1
Suppose 1029*w - 522*w + 308 = 514*w. Suppose 164 - 24 = h. Let q = h + -30. What is the highest common factor of w and q?
22
Let i = -2244 + 2546. Calculate the highest common factor of i and 4681.
151
Let d(n) = -13*n + n**3 - n + 476*n**2 + 27 - 482*n**2. Let q be d(9). What is the greatest common divisor of 9 and q?
9
Let b(h) = -15*h + 2. Let v be b(2). Let c = v + 22. Let x be -24*(81/(-12))/((-9)/c). Calculate the greatest common divisor of x and 12.
12
Let r be (57372/22)/1 - (-788)/4334. Calculate the greatest common factor of r and 16.
16
Suppose 2*q + 3*m + 0*m - 18 = 0, -5*m = -3*q - 11. Suppose 5*k - 1 = 3*k - q*t, 4*t = 5*k - 60. What is the highest common factor of k and 16?
8
Let a(b) = -44*b - 5522. Let z be a(-126). What is the highest common divisor of 4642 and z?
22
Let c = 44 + -30. Suppose -189 = -4*s - 77. What is the highest common divisor of s and c?
14
Let j = -127 - -202. Suppose -87*k + 86*k + 212 = 0. Let z = k + -182. What is the greatest common factor of j and z?
15
Let q = 26139 - 9351. What is the highest common divisor of q and 24?
12
Suppose s - 2*s - 360 = -3*c, -3*c + 4*s + 360 = 0. Let b = c + -64. Let u = 24 - 10. What is the greatest common divisor of u and b?
14
Suppose -5*g + f + 187 = 0, -4*g - 23 + 163 = 4*f. Suppose -33*h + g*h = 612. What is the greatest common factor of h and 72?
9
Let f = 3485 - 1034. What is the highest common factor of 86 and f?
43
Suppose 13*l - 20 = -4*b + 17*l, -5*b = l - 19. Suppose b*w - 516 = -3*z, -z + w + w = -162. Calculate the highest common divisor of z and 112.
56
Suppose 42*q = 37*q - 160. Let p = q + 113. Suppose 2*d + t - p = 0, 3*t - 53 = -0*d - d. Calculate the highest common divisor of 2 and d.
2
Let p(m) = -5*m - 187. Let v(u) = -2*u - 93. Let l(d) = 4*p(d) - 9*v(d). Let g be l(13). Calculate the greatest common divisor of g and 84.
21
Let j be (-23 + 21)*(2 - 4)/2. Let l be (3 - 4/j) + 1 + -6. Let d(q) = -11*q - 9. Let v be d(l). What is the highest common divisor of 245 and v?
35
Suppose 1721 = 3*c - 4*o - 8275, -o + 13328 = 4*c. Calculate the highest common factor of c and 170.
34
Suppose -2*v + 2*f = 2 + 8, 5*v - 5 = -f. Suppose 80 - 5 = 5*h + 2*g, v = 4*h - 4*g - 88. Let u = 53 + 134. What is the greatest common factor of h and u?
17
Let g be (3104/873)/(-3*1*(-16)/216). Let k be (-6)/5*680/(-6). What is the greatest common factor of k and g?
8
Let x = -151 - -149. Let f be (3820/(-50) + 2/5)/x. Calculate the highest common divisor of 266 and f.
38
Suppose -2*y - 15 = -t + 5, -5*y = 25. Suppose -17*j - 62*j = 5*j - 840. Calculate the highest common divisor of t and j.
10
Let o(g) = g**3 + 9*g**2 - g + 1. Let b be o(-9). Let l = b + 22. Let u(q) = 42*q + 8. Let t be u(0). What is the greatest common factor of t and l?
8
Suppose -380 = 5*l - 5*p, l - 8*p + 3*p = -60. Let i = -23 - l. What is the greatest common factor of 399 and i?
57
Let c be 12/18*294*7. Suppose 4*y + c = 11*y. What is the greatest common factor of 28 and y?
28
Suppose 2160 + 115 = -7*j. Let u = j - -430. Calculate the greatest common divisor of 60 and u.
15
Let w = -59 + 134. Let j be 0*(((-189)/(-12))/7 - 2). Suppose -5*l - 2*z + 144 = j, 4*l - 129 = 3*z - 0*z. What is the greatest common factor of w and l?
15
Let v(g) = g**3 + 2*g**2 - 6*g + 1070. Let a be v(0). Let x = -755 + a. What is the highest common factor of 90 and x?
45
Suppose 208*j + 154*j = 14*j + 48720. Calculate the highest common divisor of j and 2160.
20
Let f be 0 + 16 + (3 - 12 - (-1 - 5)). What is the greatest common divisor of 767 and f?
13
Let n = 0 - -2. Let u be n + (-62)/(-4) - (-1)/2. Let c(x) = 4*x - 12. Let b be c(u). What is the highest common divisor of 24 and b?
12
Suppose -4*y + 422 + 506 = -228. What is the